5).
10
Let f(h) = 3 - h + 0*h - 3. Give f(3).
-3
Let h(q) = -2*q + 3*q - 2*q. Suppose -2*o = 5*c + 4 - 16, -2*c = 5*o - 9. Determine h(o).
-1
Suppose -2*i = 3*i - 25. Let m(b) = -13*b - 1. Let z(j) = -3*j. Let d(l) = 2*m(l) - 9*z(l). Give d(i).
3
Let k(p) = -9*p - 2. Let g(i) be the third derivative of -i**4/3 - i**3/6 + 7*i**2. Let l(y) = -5*g(y) + 4*k(y). Give l(2).
5
Let j(i) = i**3 - 3*i**2 - 2*i + 2. Suppose 0 = 3*y - 7*y. Let t be ((-2 - -4) + -2)*-1. Let u be t + 2 - y/1. Determine j(u).
-6
Let z(h) = h**2 + 3*h - 1. Let c(k) = 3*k + 9. Let q be c(-4). Give z(q).
-1
Let a(j) = 6*j - 5*j - 2*j. Calculate a(3).
-3
Let l(s) = -122*s**2 + 123*s**2 - 1 - 10*s + 0. Give l(8).
-17
Let m(r) = -r - 7. Suppose b - 2 = 6. Suppose 26 = -4*w - s, -3*s = s - b. Determine m(w).
0
Let l(n) = 2*n**2 - 29*n - 13. Let o(x) = -x**2 + 14*x + 6. Let g(i) = -6*l(i) - 13*o(i). Give g(6).
-12
Let z(u) = -u**2 - 3*u + 3. Suppose 0 = 3*p - 0 - 3. Let t = -3 - p. Calculate z(t).
-1
Suppose 0 = -x + 4 - 1. Let f(t) = -5 + 3 - 2 + t**x + t**2. Let r = 54 + -54. Determine f(r).
-4
Suppose -1 + 9 = 4*t. Suppose d - 2*d = -t. Let q(o) = 1 - o**2 + 4*o + 2 + d. Give q(4).
5
Suppose -4*y = -12 - 0. Let t(l) = -2*l + 4. Let r(n) = 9*n + 12*n - 22*n. Let x(p) = -3*r(p) + t(p). Determine x(y).
7
Let t(p) = -2*p**2 - 6*p - 5. Let k(u) = u**3 + 2*u**2 + 5*u + 4. Let q(s) = 6*k(s) + 5*t(s). Let v = -5 - -2. Let i be -3*(1 + 2/v). Determine q(i).
-5
Let x be (-6 + 0)/(21/(-28)). Suppose -4 = -3*r + x. Let f(t) = -3*t**2 + 2*t - 3. Let q(k) = k**2 + k. Let o(m) = f(m) + 2*q(m). Determine o(r).
-3
Let x be (-1)/(1 - (3 + -1)). Suppose -5*i - x = -y - 26, y - 23 = -3*i. Let u(o) = -o**2 + 6*o + 5. Calculate u(i).
5
Let p(a) = -a**3 - 2*a**2 + a - 4. Let g(k) be the second derivative of -k**3/6 + 5*k**2/2 - k. Let q be g(8). What is p(q)?
2
Let z(q) = -q**3 - 6*q**2 - 5*q - 1. Let t be z(-5). Let f(c) = -3*c**2 - c - 3. Let m(n) = 2*n**2 + 1. Let j(v) = f(v) + 2*m(v). Calculate j(t).
1
Let z(y) = 3*y**2 - y. Let p = -49 + 48. Calculate z(p).
4
Suppose 0 = 11*a + 43 - 10. Suppose 2*l + 0*u + 3*u + 4 = 0, 3*l + u + 6 = 0. Let h(o) = 1. Let n(z) = -z - 6. Let m(y) = l*h(y) - n(y). What is m(a)?
1
Let x(y) = y - 5. Suppose 0 = -3*g - 5 + 26. Give x(g).
2
Let y(p) = -p**2 + p + 5. Let c be y(0). Suppose -3*d - 9 = -2*l, d = -d + l - c. Let r(u) = 0 + u - 2 + 4. What is r(d)?
1
Suppose -a - 2*o - 1 = -0*a, 2 = 4*a + 5*o. Let b = a + 4. Suppose -x = b - 3. Let m(g) = g**3 + 4*g**2 - g + 4. Calculate m(x).
8
Let j be (1 - 5) + (-9 - -14). Let r(s) = -9*s**3. Give r(j).
-9
Let o(t) = -3*t - 1 - t**3 - 3*t**2 - 2*t - 1 - t**2. Give o(-3).
4
Suppose 4 = -2*j - 2*j. Let o(h) be the second derivative of h**3/3 - h**2/2 + 3*h. What is o(j)?
-3
Let h(g) = 7*g**3 - 13*g**2 - g - 5. Let z(d) = -d**3 + d**2 + d + 1. Let b(u) = h(u) + 6*z(u). What is b(6)?
-5
Let w be ((-1)/(-3))/(3/18). Let l(o) = 1 - 6*o**2 + 3*o**2 + 4*o**w + o. Suppose 5*n + 11 = 1. What is l(n)?
3
Let q = 65/33 - 18/11. Let r(d) be the second derivative of q*d**3 + d + 1/2*d**2 + 0. Determine r(-1).
-1
Let x(t) = -t**2 - 4*t - 1. Let u be x(-4). Let o(a) = a + 2*a + 2 - 1. Calculate o(u).
-2
Let d(i) = i**3 + i**2 + i + 1. Let q(y) = -y - 5. Let w be q(-5). Calculate d(w).
1
Let q(w) = 2*w**2 + w. Let b(p) = p**3 + 3*p**2 - p + 3. Let s be b(-4). Let v be s/((-6)/(-2)) + 2. What is q(v)?
1
Let j(d) = -d**2 - 2*d - 2. Let f be (6 - -3) + -6 + 2. Suppose -6 = f*x + 9. Give j(x).
-5
Suppose 0 = -4*c + 3*i - 3, 3*c - 2 - 4 = 5*i. Suppose 12 = 4*s - 2*v, -6 = -2*s + 2*v - 0*v. Let u(y) = s - 2 - 3*y - 7 - y**2 + 2. Calculate u(c).
-4
Suppose -3*l = -3*q - 4 - 8, q = 3*l - 14. Suppose -5*c = -4 - 6. Let u(a) = 1 + 5*a**2 - a**2 + 4*a**c. What is u(q)?
9
Let f(s) = -s + 4. Suppose 7 = 3*r - 0*t - t, -1 = r + 3*t. Let d be 1/r*4*2. Determine f(d).
0
Let d(i) = -i - 2. Let a be d(-4). Let p(t) = 6*t - 1 - a - t + 0*t. Determine p(2).
7
Let w(l) = -l**2 + 9*l + 9. Let x be w(10). Let i(z) = -4*z - 1. What is i(x)?
3
Let s(d) = -2*d - 2. Let k be (-27)/12 - 3/(-12). Let l = 5 + k. Suppose -7 = -4*a + l*p, 0 = -a - 4*p + 3 - 25. What is s(a)?
2
Let l(h) = h**2 + h + 1. Let y(k) = 2*k - 9. Let r be y(6). Suppose s + 3*s = -12. Let c = s + r. Give l(c).
1
Let s(i) be the first derivative of 5*i**2/2 - i + 5. What is s(1)?
4
Let m(r) be the second derivative of r**3/6 + r**2/2 - 12*r. Calculate m(5).
6
Suppose 0 = -4*u - 6 + 10. Let o(b) = 6*b**3 + 2*b**2 - b. What is o(u)?
7
Let k(u) = -4*u**3 + 6*u + 11. Let q(h) = -3*h**3 + 4*h + 7. Let p(b) = -5*k(b) + 8*q(b). Calculate p(-1).
3
Let h(r) = -r**3 + 5*r**2 + 2*r - 6. Suppose -3*f + 0*f = -15. Suppose 0 = w - 0*w - f. Determine h(w).
4
Let m(u) = -u**3 + 5*u**2 - 5*u + 2. Let y = 12 - 8. Let i be m(y). Let d(g) be the third derivative of -g**5/60 + g**4/12 + g**3/6 - 3*g**2. Give d(i).
-7
Let p(t) = 3 - 3 + 2*t + 2*t**3 + 4*t**2. Let c be (-3)/9*6/(-1). Suppose 4*i - c = 2*a, 2*i - a + 14 = -3*a. Determine p(i).
-4
Let n = -3 - -3. Suppose n*p = 4*p - 224. Let u be (-288)/p - (-1)/7. Let g(o) = -o**3 - 4*o**2 + 7*o. Determine g(u).
-10
Let s(h) be the second derivative of -h**3/2 + h**2 + 3*h. Give s(4).
-10
Let s(w) be the second derivative of -w**7/2520 - 7*w**6/720 - w**5/24 + w**4/3 + 3*w. Let y(t) be the third derivative of s(t). Give y(-6).
1
Let d(l) be the second derivative of -l**3/6 + l**2/2 - l. Let c be d(-1). Let x(j) = -j**3 - j**2 + 3*j - 1. Give x(c).
-7
Let i(n) = -n**3 + 4*n**2 + 6*n - 4. Let u(f) = -f**2 + 7*f + 1. Let p be u(7). Let q = p + 4. Give i(q).
1
Let w(v) = v**3 + 7*v**2 + 8*v + 7. Let i be w(-6). Let f(o) = o**2 - 5*o**2 - 5*o - 2*o + 3*o**2. Determine f(i).
10
Suppose 0*a = -a - 2. Let q(t) be the first derivative of 5/2*t**2 + 1/3*t**3 + 3 + 3*t. Calculate q(a).
-3
Suppose -3*v - 4*r + 9 = -3*r, -4*r = 3*v. Let b(j) = -j**2 + 6*j - 6. Give b(v).
2
Let l be (-4)/6 - 32/(-12). Suppose -5*n = -l*v - 20, 2*n = 3*v - 8*v + 8. Let h(m) = 2 - 1 + 2 + m. What is h(v)?
3
Let s be (4/(-5))/((-4)/(-50)). Let y be (12/s)/((-6)/20). Let k(t) = t**3 - 4*t**2 + 2*t - 5. What is k(y)?
3
Let p(w) = -w**3 + 6*w**2. Suppose -2*a + 28 = 5*f, -f + 3*a = -0 - 9. Let v be p(f). Let u(x) = 2*x + 2*x - 3*x - 8. Calculate u(v).
-8
Let r(s) be the second derivative of -s**4/12 + s**3/3 + 12*s. What is r(1)?
1
Suppose 3*p - 6 = -0*p + 3*s, 0 = -5*p + 3*s + 16. Let f(t) = -t**2 + 5*t + 3. Give f(p).
3
Let s = 8 - 3. Suppose -8 = 4*c - s*m, 2*c - m = 4*c - 10. Let f(v) = v**2 - 5*v + 4. Determine f(c).
-2
Let l = 4 - 2. Let i(m) = -m**3 + 11*m**2 - 10*m + 1. Let f be i(10). Let p(b) = -f + 0 + 0*b - b. What is p(l)?
-3
Let r(c) = c**2 - 4*c - 2. Let n(o) = 8*o**2 - 33*o + 29. Let v(j) = 3*j**2 - 11*j + 10. Let l(s) = 4*n(s) - 11*v(s). Let u be l(-11). Determine r(u).
10
Let c(w) = -w**3 - 6*w**2 + 4*w - 7. Let o(n) = -4*n - 19. Let t be o(-3). Determine c(t).
14
Suppose 0 = w + 3 - 20. Suppose 4*p + x - w = -0*x, 2*p - 1 = x. Let g(z) = -2*z**2 + 5*z - 2. Give g(p).
-5
Let o(j) = 14 - 6 - 7 - 2*j. Calculate o(1).
-1
Let s(g) = -5 - 6*g**2 - 7*g - g**3 - g + g. Let a = 18 + -22. Determine s(a).
-9
Let f be ((-8)/(-36))/((-4)/(-3)). Let t(c) be the second derivative of -2*c + c**2 + 0 - 1/20*c**5 - f*c**3 + 1/4*c**4. Give t(2).
4
Suppose -2*x + 5 = 3*a, -x + 6*x + 4*a - 2 = 0. Let u(q) = 5*q**2 + 20*q + 6. Let c(l) = -2*l**2 - 7*l - 2. Let g(j) = -11*c(j) - 4*u(j). Determine g(x).
12
Suppose 12 = -0*o + 3*o, 5*o - 28 = 4*l. Let a(y) = 4*y - 2. Determine a(l).
-10
Suppose -3*v = -0*v - 6. Let c(i) = 2 + 3 + i**v - 4 - 2*i. Give c(-2).
9
Let k(g) = 9*g**3 - 2*g**2 + 1. Suppose -2*h = -h - 6. Suppose 4*a = h*a - 2. Suppose -a = -5*m + 4. Determine k(m).
8
Let f(q) = -q - 10. Let z = 94 - 99. What is f(z)?
-5
Let o(i) be the first derivative of 3*i**2/2 + 5*i + 20. Calculate o(-5).
-10
Let c(v) be the first derivative of -5*v**4/4 - v**3/3 + 9. Give c(-1).
4
Let m(x) = -7*x - 37. Let y be m(-4). Let g(d) = d + 8. What is g(y)?
-1
Let b(t) be the first derivative of -t**6/120 - t**5/15 + t**4/12 + t**3/6 - 4*t**2 - 8. Let h(s) be the second derivative of b(s). Determine h(-4).
-7
Suppose -3 = -3*v - s - 2*s, 3*v + 4*s = 0. Suppose 8*q = v*q + 12. Let i(w) = 5 - q*w**2 + w**2 + 5*w**2 + w + 0